4 - (0 - -1 - -2))?
-4
Calculate 0 + (0 - -5) - (0 - -5).
0
Calculate 6 + 4 - (-13 + 6 + 13).
4
-4 - (8 + -4 + -7) - 8
-9
Evaluate -2 - (3 + -5 - 3).
3
-2 + (-10 - -4 - -3) + 3
-2
Evaluate -1 - 1 - (5 - (-2 - -5)).
-4
Evaluate 8 + -1 + -3 - 0.
4
6 + 0 - (11 + 2 - 6)
-1
What is 3 - (0 - 9 - -10)?
2
-6 - -4 - (-2 - (3 + -2))
1
What is the value of (-5 - 3) + 2 + 10?
4
(1 - (4 - 8)) + -1 + -5
-1
Evaluate 5 - (6 + -4) - 1.
2
-7 + 2 + 1 + 8 + 0
4
What is 0 - (0 + -5 - -1)?
4
What is -9 - -11 - -6 - (-2 - 0)?
10
5 - 1 - (0 + 1)
3
Calculate 3 + (2 + -1 - 9).
-5
Calculate (1 + -2 + 3 - 2) + -3.
-3
-11 - (-8 - -1) - -6
2
-1 - (8 + 1 + -3) - -7
0
What is -42 + 45 + 0 + 2?
5
Evaluate 1 + 7 + -3 - 1 - 8.
-4
Evaluate -1 + 2 + 4 + -1.
4
What is (-2 - -1) + 3 - 5 - 0?
-3
Evaluate 4 + -1 + 1 + 1 - 0.
5
What is the value of (-1 - -1) + (-7 - -6)?
-1
Calculate 3 + (-15 - (-1 - 6)).
-5
Evaluate 0 + 3 + 7 + -6 + 0.
4
Evaluate 1 + -1 - (-12 + 13).
-1
What is the value of 9 + -7 - (4 - 1 - -2)?
-3
Evaluate 2 + (-1 - 3) + 1 + 5.
4
(1 - -2 - (-19 - -26)) + -6
-10
What is the value of -1 + 1 - -8 - 2?
6
What is the value of (5 + -8 - -1 - -2) + 4?
4
Calculate -2 + -8 - 6 - -11.
-5
What is the value of 13 + -6 + -1 - (-5 + 3)?
8
What is (3 - (1 + 3)) + 0?
-1
2 - (-2 - -4 - 5)
5
What is the value of 7 + (-8 - (-5 - (3 - 3)))?
4
Calculate 1 - ((-6 - -11) + 5).
-9
Evaluate -1 + 3 + -3 + 3.
2
14 + -2 + (-10 - -1)
3
1 - -1 - -7 - (75 - 76)
10
What is the value of 7 + -4 - (-5 + 0 + 7)?
1
What is the value of 1 - (2 + -2 + 0)?
1
Calculate (-2 - (5 - 4)) + 5 + -4.
-2
2 - (0 - (5 - (-1 + 4)))
4
Evaluate (2 - (0 + (11 - 7))) + 4.
2
Calculate -1 + -1 + -13 + 12.
-3
What is ((-7 - -2) + -12 - -9) + 0?
-8
What is 6 - -1 - (3 - (-1 - -1))?
4
Calculate 3 + -9 + 3 - -10.
7
Evaluate -2 + 1 + (-15 - -18).
2
Calculate (3 - ((0 - 1) + 3)) + -2.
-1
3 + -3 + 4 + -1
3
-3 + 1 + (-4 - -3 - 2)
-5
What is -10 + -4 - (15 + -39)?
10
Evaluate (6 - 3 - -3) + -7 - 5.
-6
What is the value of -4 + 1 + (-5 - 0 - -4)?
-4
Evaluate -3 + 2 + 1 + -8 + 3.
-5
What is 1 + -1 + 2 - (-4 + 6)?
0
Evaluate (-5 - 1) + 2 + 18 + -13.
1
-11 - (-14 - -3 - (-4 + -1))
-5
Calculate 4 - 8 - -4 - 4.
-4
Calculate -2 + (2 - -4 - 3).
1
Evaluate 2 - (3 + -6) - (-6 + 10).
1
What is the value of -6 + 4 + -4 + 10?
4
Calculate -15 + -3 + 17 + 0 + 2.
1
What is the value of -2 - 3 - -1 - 0?
-4
Evaluate (37 - 31) + (-1 - 0) + -3.
2
Calculate 5 + 10 - 4 - 11.
0
7 + (-21 - -13 - (2 + -8))
5
What is the value of 1 + -3 - (3 - 2)?
-3
-2 - -5 - (1 - -1)
1
What is -10 + -2 - (-24 + 8)?
4
Calculate (6 - (-2 + 5 + 7)) + -5.
-9
Evaluate 0 - ((2 - 0) + -2).
0
What is -1 + -1 - (-44 - -44)?
-2
Calculate 17 - 1 - (-102 - -109).
9
(3 - -1) + -10 + 4
-2
Calculate 14 + -17 + 14 + -5.
6
Calculate 1 - (11 + 3 + -9).
-4
What is the value of -3 + -1 + (-3 - -3)?
-4
Evaluate 4 + -6 + 4 + -5.
-3
What is the value of 2 - 3 - (6 - 4)?
-3
-6 + 11 + -4 - 6
-5
Calculate 7 - (-11 - -8 - -3).
7
What is 7 + 0 - (-8 + 7)?
8
2 + -3 + 3 + -4 + 5
3
Calculate (6 - 15) + 3 + 4.
-2
What is the value of -2 - ((1 - -1) + 0)?
-4
What is 11 + -8 - (8 + -6 + 3)?
-2
What is the value of -3 + 4 + 1 + 2?
4
What is -4 + 9 - (14 + -4)?
-5
Calculate (7 - -2) + -4 + 0.
5
What is the value of (-3 - (3 + 2)) + 4?
-4
Calculate -5 + -2 + (-1 - -3) + 2.
-3
Evaluate (-32 - -29) + (-1 - -1) + 3.
0
Evaluate -2 + 3 - -1 - 2 - -2.
2
Calculate 0 + 10 + (-53 - -50).
7
What is the value of (-4 + 3 - -1) + -2 + -1?
-3
Calculate 1 - ((8 - 4) + 1).
-4
5 - (-3 + -1 + 7)
2
(-5 - -6) + 8 + -9 + 6
6
What is (3 - 0) + -1 - (-6 - -9)?
-1
What is 4 - (0 + 1 + (-1 - -1))?
3
What is the value of -1 - 0 - (0 + -5)?
4
Calculate 8 + -1 + 8 + -8.
7
Evaluate (3 - 3) + (-4 - (-3 + -4)).
3
Calculate (-3 - 0) + -6 + 6.
-3
Evaluate (-1 - (-6 - -3)) + 1 + 0.
3
Evaluate 7 - (3 - (1 - -2) - -4).
3
-5 - (4 + 3 + -1 + -10)
-1
What is the value of (-4 - -8 - 11) + -9 + 12?
-4
Calculate -6 + 13 + -2 + -6.
-1
What is -3 + 4 + -3 + -4?
-6
Calculate -10 + 2 + 4 - -3.
-1
Calculate (2 - -1) + -2 + -1 + 2.
2
Evaluate 3 + 9 + -20 - -5.
-3
What is the value of -10 - (-2 - (-6 + 5))?
-9
What is the value of (6 - 7) + (-5 - -7 - 4)?
-3
-4 + (-12 - -23) + 0 + -5
2
Evaluate -5 - -1 - -5 - 4.
-3
What is 2 + -5 + 3 + 3?
3
What is the value of 28 + -32 - (-2 - 6)?
4
What is (-2 - -1) + (-4 - -1) - -2?
-2
(29 - 23) + -6 + 0 - 7
-7
-14 + 12 - (4 - 3 - 0)
-3
What is 2 + (-6 - (4 + -1 + -2))?
-5
What is the value of -7 - -2 - ((-5 - 4) + -1)?
5
What is the value of -14 + 6 + 4 + -2?
-6
What is the value of (-1 - -2) + 8 + (1 - 0)?
10
What is 8 + 1 + -7 + 0 - -3?
5
What is the value of 9 - ((-7 - 0) + 13)?
3
Calculate -5 - -2 - (3 - 7).
1
What is the value of ((-7 - -10) + 1 - -3) + -6?
1
Evaluate 2 - (12 - (7 + -1 + 1)).
-3
What is the value of -1 + 0 + (5 - 4)?
0
Calculate (-3 - -2 - 2) + (1 - 7).
-9
Evaluate 8 + -6 + -9 - -8 - 0.
1
What is (2 - 12) + -43 + 53?
0
-1 - -6 - ((3 - -2) + -3)
3
Evaluate 7 + 2 + -5 + -9.
-5
Calculate (0 - -9) + (-17 - -13).
5
(-6 - (2 - 8)) + -6
-6
What is (3 - (-1 - -1)) + (-10 - -7)?
0
Evaluate 4 + -11 + -4 + 7.
-4
Evaluate -2 + 4 + 3 + (1 - 0).
6
-7 + 10 - (-11 + 14)
0
Evaluate -5 + 4 + (-4 - 4 - -4).
-5
Evaluate 0 + (0 - 6) + 42 + -37.
-1
5 + (-3 - (-1 + -1))
4
Evaluate 0 + -1 + (-3 - -1 - -6).
3
What is 1 - (0 + 0 + 1 - -4)?
-4
Calculate 5 + (-6 - (2 + -2)).
-1
Evaluate (-5 - -4 - -4) + -8.
-5
Calculate (-4 + 5 + 4 - 14) + 5.
-4
Calculate -8 - (-2 + 7 - 15).
2
Evaluate (8 - 2 - (1 + 0)) + -4.
1
Evaluate (1 - -2) + -2 + -3.
-2
-10 - -1 - (-1 - 10 - -6)
-4
Evaluate 4 - 10 - (-4 - -2).
-4
What is the value of 7 - (10 - -7 - 5)?
-5
-47 + 55 + (3 - 3)
8
What is 6 - (6 - (4 - 5))?
-1
19 + -22 + 1 + 3 + -2
-1
Evaluate -6 - -6 - (2 + -3).
1
Evaluate 9 - ((9 - -14) + -11).
-3
What is 2 - (17 + (-2 - 3))?
-10
What is (-4 - (-7 - -3)) + -1 + -3?
-4
Evaluate -10 - (-1 + -4) - -2.
-3
5 - (-7 - -9 - -4)
-1
What is the value of (26 - 24) + (0 - (2 + -4))?
4
What is the value of -7 + 12 - (4 + (-7 - -3))?
5
Evaluate (-2 - (5 - 1)) + 11.
5
What is -3 + (1 - -1) + (-45 - -47)?
1
Calculate 1 + 4 - (5 + (2 - 6)).
4
What is -1 + 0 + -1 + 0 + 2?
0
What is the value of -1 + 0 - (7 + (6 - 11))?
-3
Evaluate 5 + -9 + 2 - 3.
-5
Evaluate 6 - (12 + -2 - (0 - -5)).
1
What is the value of 24 - 18 - (3 + -2 - 1)?
6
3 - (-6 - -3 - -4 - -4)
-2
What is the value of 0 - (-3 - (-1 - (4 - 0)))?
-2
What is the value of 1 - 1 - (4 - 4)?
0
Calculate 0 - (-1 + 5 + (-1 - 3)).
0
What is -2 + 0 + 5 + 0?
3
What is -25 + 31 - (1 + 1)?
4
Evaluate 14 - (-1 + (4 - -4)).
7
(-1 - 0) + 11 + (195 - 201)
4
What is (-5 + 3 - 0) + 3?
1
What is (6 + -4 - 6) + 3?
-1
What is the value of 3 + 7 + (3 - 4 - 5)?
4
11 + 2 + -10 + (-8 - 0)
-5
What is the value of -7 + 1 + (-35 - -31)?
-10
0 - -6 - (23 - 23)
6
Evaluate -6 - (-1 - (-2 - 1) - 3).
-5
What is -7 + -2 + 4 + 7?
2
What is the value of 10 + -9 - (-1 - 0) - 0?
2
-1 - (4 - (-1 + 2))
-4
Calculate 1 + (-3 - 3 - -9).
4
What is the value of -5 - ((-5 - (-5 - 2)) + -8)?
1
What is the value of -16 - (-4 - (-5 - -3)) - -6?
-8
Evaluate 2 + -7 + 2 - 4 - -2.
-5
What is -3 + (7 + -4 - (-5 - -2))?
3
What is 0 + 6 - (-8 + 6 - -13)?
-5
Calculate 3 + (4 - (17 + -9)).
-1
What is 0 + -1 + 1 + (-30 - -35)?
5
What is (-14 - -8) + 7 + (4 - 2)?
3
Evaluate -2 + (10 - 4) + -8.
-4
-6 - -1 - -9 - -1 - 3
2
What is the value of 0 + 0 - 3 - -1?
-2
Calculate -152 - -147 - (2 + -3 + 1).
-5
What is the value of -5 + -9 + (8 - (-5 + -5))?
4
Calculate 0 - (3 + 4 + -8).
1
What is (3 - (4 - (6 - 4))) + 2?
3
Calculate 15 + -6 + -1 + -19 - -5.
-6
-6 - (-19 - -8 - (3 - 2))
6
Calculate 5 + (-3 - (1 - -2)) + 5.
4
What is (6 - 0) + (-2 - -1)?
5
Calculate -3 + -5 + 2 + 1.
-5
What is (6 - 0) + (1 - -7) + -9?
5
Calculate 11 + -18 - (-2 + 0).
-5
Evaluate 7 - 6 - (-1 - 1).
3
What is the value of 5 + (-8 + 4 - 1)?
0
Calculate -5 + 6 + (-1 - -4).
4
(0 - 0) + (71 - 69)
2
What is 4 - -1 - (5 + -3)?
3
What is (-2 + 0 - -5) + 4 + -12?
-5
What is the value of -3 + 10 + -8 + 2?
1
What is 10 + -5 + 0 - 0?
5
Calculate (0 - 0 - 3) + (-86 - -87).
-2
What is the value of (1 - 4 - -2) + 5?
4
1 - -5 - (-13 - -24)
-5
What is 3 + 0 + -3 - -4?
4
What is -7 + 7 + 1 + -6?
-5
Calculate -1 + 1 + -1 + -1 + -2.
-4
Evaluate -2 - (2 + (0 - -4) + -7).
-1
Evaluate (1 - 0 - 4) + 3.
0
